hen 1210 is divided by 81.
76
What is the remainder when 505 is divided by 1?
0
Calculate the remainder when 47 is divided by 24.
23
What is the remainder when 40 is divided by 24?
16
What is the remainder when 74 is divided by 8?
2
Calculate the remainder when 2974 is divided by 174.
16
Calculate the remainder when 539 is divided by 26.
19
Calculate the remainder when 2773 is divided by 38.
37
Calculate the remainder when 147 is divided by 135.
12
What is the remainder when 3708 is divided by 138?
120
Calculate the remainder when 1377 is divided by 15.
12
Calculate the remainder when 2957 is divided by 40.
37
What is the remainder when 185 is divided by 38?
33
What is the remainder when 576 is divided by 54?
36
What is the remainder when 90 is divided by 31?
28
Calculate the remainder when 4707 is divided by 62.
57
What is the remainder when 7048 is divided by 85?
78
What is the remainder when 74 is divided by 13?
9
Calculate the remainder when 1334 is divided by 442.
8
What is the remainder when 85 is divided by 28?
1
Calculate the remainder when 73 is divided by 9.
1
Calculate the remainder when 561 is divided by 66.
33
Calculate the remainder when 32478 is divided by 140.
138
Calculate the remainder when 4040 is divided by 86.
84
Calculate the remainder when 965 is divided by 17.
13
Calculate the remainder when 1349 is divided by 52.
49
Calculate the remainder when 940 is divided by 41.
38
Calculate the remainder when 161 is divided by 47.
20
Calculate the remainder when 1230 is divided by 95.
90
Calculate the remainder when 159 is divided by 45.
24
Calculate the remainder when 188 is divided by 177.
11
Calculate the remainder when 1444 is divided by 361.
0
What is the remainder when 135 is divided by 22?
3
Calculate the remainder when 992 is divided by 84.
68
Calculate the remainder when 41 is divided by 9.
5
Calculate the remainder when 134 is divided by 14.
8
What is the remainder when 563 is divided by 47?
46
What is the remainder when 4118 is divided by 133?
128
Calculate the remainder when 173 is divided by 36.
29
Calculate the remainder when 168 is divided by 116.
52
Calculate the remainder when 32 is divided by 2.
0
Calculate the remainder when 16180 is divided by 13.
8
What is the remainder when 150 is divided by 49?
3
What is the remainder when 476 is divided by 208?
60
Calculate the remainder when 779 is divided by 78.
77
What is the remainder when 1344 is divided by 15?
9
Calculate the remainder when 135 is divided by 4.
3
What is the remainder when 2176 is divided by 99?
97
Calculate the remainder when 5336 is divided by 267.
263
Calculate the remainder when 571 is divided by 24.
19
What is the remainder when 65 is divided by 8?
1
What is the remainder when 190 is divided by 57?
19
Calculate the remainder when 2266 is divided by 81.
79
Calculate the remainder when 97 is divided by 31.
4
Calculate the remainder when 285 is divided by 242.
43
What is the remainder when 120387 is divided by 10?
7
What is the remainder when 1883 is divided by 187?
13
Calculate the remainder when 8302 is divided by 24.
22
What is the remainder when 101 is divided by 33?
2
What is the remainder when 2182 is divided by 241?
13
Calculate the remainder when 391 is divided by 50.
41
What is the remainder when 70 is divided by 27?
16
What is the remainder when 4160 is divided by 167?
152
What is the remainder when 172 is divided by 88?
84
What is the remainder when 224 is divided by 38?
34
Calculate the remainder when 8634 is divided by 68.
66
Calculate the remainder when 148 is divided by 63.
22
Calculate the remainder when 491 is divided by 15.
11
Calculate the remainder when 3515 is divided by 159.
17
Calculate the remainder when 2948 is divided by 211.
205
Calculate the remainder when 896 is divided by 154.
126
Calculate the remainder when 313 is divided by 46.
37
Calculate the remainder when 426 is divided by 47.
3
What is the remainder when 16 is divided by 9?
7
Calculate the remainder when 222 is divided by 27.
6
What is the remainder when 2294 is divided by 72?
62
What is the remainder when 580 is divided by 9?
4
Calculate the remainder when 2424 is divided by 15.
9
Calculate the remainder when 186 is divided by 47.
45
Calculate the remainder when 145 is divided by 7.
5
Calculate the remainder when 1076 is divided by 60.
56
Calculate the remainder when 186 is divided by 19.
15
Calculate the remainder when 592 is divided by 292.
8
What is the remainder when 33 is divided by 12?
9
Calculate the remainder when 572 is divided by 6.
2
What is the remainder when 399 is divided by 74?
29
Calculate the remainder when 1008 is divided by 73.
59
What is the remainder when 2516 is divided by 11?
8
What is the remainder when 103 is divided by 32?
7
Calculate the remainder when 61 is divided by 9.
7
Calculate the remainder when 5115 is divided by 160.
155
Calculate the remainder when 357 is divided by 92.
81
What is the remainder when 729 is divided by 49?
43
What is the remainder when 199 is divided by 44?
23
Calculate the remainder when 100 is divided by 93.
7
What is the remainder when 258 is divided by 20?
18
What is the remainder when 1097 is divided by 22?
19
Calculate the remainder when 1165 is divided by 236.
221
Calculate the remainder when 1550 is divided by 38.
30
What is the remainder when 873 is divided by 80?
73
Calculate the remainder when 770 is divided by 342.
86
What is the remainder when 299 is divided by 24?
11
What is the remainder when 4392 is divided by 88?
80
What is the remainder when 10233 is divided by 34?
33
Calculate the remainder when 166 is divided by 78.
10
What is the remainder when 827 is divided by 32?
27
What is the remainder when 418 is divided by 61?
52
Calculate the remainder when 125 is divided by 20.
5
What is the remainder when 590 is divided by 27?
23
What is the remainder when 554 is divided by 43?
38
What is the remainder when 320 is divided by 36?
32
Calculate the remainder when 13341 is divided by 44.
9
Calculate the remainder when 2303 is divided by 134.
25
Calculate the remainder when 363 is divided by 91.
90
What is the remainder when 515 is divided by 56?
11
Calculate the remainder when 3353 is divided by 553.
35
Calculate the remainder when 874 is divided by 868.
6
Calculate the remainder when 9915 is divided by 62.
57
Calculate the remainder when 165 is divided by 19.
13
Calculate the remainder when 65 is divided by 17.
14
What is the remainder when 539 is divided by 39?
32
What is the remainder when 19 is divided by 6?
1
Calculate the remainder when 18699 is divided by 85.
84
What is the remainder when 440 is divided by 63?
62
Calculate the remainder when 4211 is divided by 2101.
9
Calculate the remainder when 103 is divided by 26.
25
Calculate the remainder when 19402 is divided by 18.
16
Calculate the remainder when 199 is divided by 48.
7
What is the remainder when 2061 is divided by 3?
0
What is the remainder when 659 is divided by 135?
119
What is the remainder when 2902 is divided by 154?
130
Calculate the remainder when 538 is divided by 274.
264
What is the remainder when 6314 is divided by 180?
14
Calculate the remainder when 110 is divided by 78.
32
What is the remainder when 12706 is divided by 6348?
10
Calculate the remainder when 512 is divided by 255.
2
What is the remainder when 520 is divided by 13?
0
What is the remainder when 735 is divided by 24?
15
Calculate the remainder when 2013 is divided by 126.
123
Calculate the remainder when 8648 is divided by 42.
38
What is the remainder when 6887 is divided by 14?
13
Calculate the remainder when 175 is divided by 18.
13
What is the remainder when 187 is divided by 63?
61
What is the remainder when 3565 is divided by 38?
31
What is the remainder when 16 is divided by 6?
4
What is the remainder when 2099 is divided by 191?
189
Calculate the remainder when 141 is divided by 33.
9
What is the remainder when 28734 is divided by 279?
276
Calculate the remainder when 285 is divided by 134.
17
Calculate the remainder when 93 is divided by 24.
21
Calculate the remainder when 1090 is divided by 78.
76
Calculate the remainder when 483 is divided by 179.
125
Calculate the remainder when 721 is divided by 121.
116
What is the remainder when 263 is divi